 - -9.
-6
Calculate -1 + -2 + 15 + -5 + -4.
3
What is the value of 0 - (-7 + 0) - (123 + -123)?
7
Evaluate (-3 - -5) + -2 - 0.
0
Calculate 0 + 5 + -5 + (1 - 1).
0
Evaluate 14 + -8 - (2 + -1).
5
Evaluate 4 - (3 - ((-5 - -3) + 6)).
5
What is the value of (0 - 0) + 3 + 1 + -3?
1
Evaluate (8 + -7 - 6) + 5.
0
-6 + (9 + -4 + 3 - 1)
1
Calculate 4 + 0 + 4 + -7 + -3.
-2
What is -2 - (10 + -4) - (10 - 10)?
-8
Calculate 3 + -8 + (0 - 1 - -1).
-5
Calculate (-8 - -1 - -4) + 9.
6
-2 + (-4 - -3) + 4
1
Evaluate 10 + (-1 - 5) + 3.
7
Calculate (-77 - -92) + 1 + -15.
1
What is the value of 3 + -14 + 5 - -2?
-4
Evaluate (-2 - (-6 - 3)) + -12.
-5
1 - -1 - ((6 - -3) + -6)
-1
What is 3 - (2 + (-3 - -3)) - -3?
4
Evaluate -1 + -3 + (0 - -10).
6
What is the value of -1 - -3 - 4 - (-100 + 98)?
0
6 - 3 - 0 - 1
2
18 - (14 - 2) - (-1 - -6)
1
What is the value of 1 + 0 - (4 + 0)?
-3
2 + 2 + (-3 - -1) - -2
4
Calculate -15 - (-7 + -15 + 4).
3
Evaluate 1 - (4 + (0 - 2)).
-1
What is (-3 + -2 - -1) + (37 - 43)?
-10
Evaluate (8 - (6 - 1)) + -7.
-4
What is the value of -8 + (-1 - (4 + -8) - 0)?
-5
What is 21 + -20 + (2 - 6 - -2)?
-1
Evaluate -4 - (0 + 0) - (-7 - -6).
-3
Calculate (13 - 3) + (-12 - -7).
5
What is 5 + 1 + (-68 - -57)?
-5
What is 4 - ((2 - -6) + -5 - 2)?
3
What is the value of 1 - 12 - (-119 + 105)?
3
Calculate -2 + 1 + 0 + 1.
0
Calculate (5 - 8) + 6 + (-3 - 0).
0
What is -89 - -79 - (-2 + -8)?
0
Calculate 3 - ((1 - 0) + -2 + 2).
2
Evaluate -2 + (7 - 2) + 1.
4
Calculate (9 - (0 - -1)) + -4 - 4.
0
Evaluate (-3 - -3 - (-4 + 3)) + -1.
0
What is (-8 - -12) + -10 - 4?
-10
16 + -19 - (0 + -5)
2
Evaluate -12 + 20 + -10 + (-2 - 0).
-4
What is -12 - -3 - (7 + -12)?
-4
What is -1 - (-9 - (-3 - (-1 + 2)))?
4
Calculate (-6 - 0) + 1 + -1 + 9.
3
Calculate -4 - (1 + -5) - 1.
-1
Calculate 17 - 8 - 8 - 11.
-10
What is the value of 1 + (2 - 1) + -3 + 1?
0
Evaluate (-1 - -4) + -4 - -4.
3
Evaluate (2 - (-2 + -2)) + (-7 - -3).
2
Calculate 0 + 4 - (0 - (-5 - -2)).
1
What is the value of 4 + -6 + 2 + 3?
3
(-2 - 2) + 3 - 1 - 0
-2
Evaluate 0 - -8 - (-5 - -21 - 2).
-6
-11 + 12 - (6 - -1)
-6
Calculate 6 + -2 - (4 - (7 + -5)).
2
What is 6 - (8 + -3) - (-7 + 1)?
7
Evaluate -2 - (-7 + 2 + 2).
1
What is the value of (-7 - 1) + (8 - (11 - 21))?
10
What is the value of (2 - (2 + -1 - 1)) + -4?
-2
What is the value of -18 - -5 - (-7 + -6)?
0
What is (50 - 58) + (-1 - 0)?
-9
Evaluate (-5 - -5) + 6 + -1.
5
Calculate 11 + -4 - 9 - -1.
-1
What is the value of (-1 - -3 - 4) + 7?
5
Evaluate -9 + 4 - (-3 + 2 - -3).
-7
0 + -1 + (-2 - (-1 - -2))
-4
Calculate 6 - (2 + 2) - (1 + -2).
3
What is 4 + (3 + 0 + 2 - 4)?
5
Calculate (1 - -1) + -5 + 9 + -3.
3
What is 1 + -2 + (-5 - -3)?
-3
Calculate -6 + 3 + 1 - 0.
-2
Calculate 2 - (2 + -4 - -5 - 5).
4
What is (7 - 5) + 2 + -10?
-6
What is the value of 4 - (-6 + 1 - -9) - -1?
1
2 + (-5 - -11) + -3
5
3 + 1 + 1 - (0 + 1)
4
-5 - (-1 - 0) - -2 - 2
-4
What is the value of -2 + 2 + 0 + 3 + -3?
0
What is the value of 4 + -1 + (-10 - -15)?
8
What is 358 + -353 - (1 + 5 + 1)?
-2
Evaluate -40 - -45 - (1 + 3).
1
Calculate -6 - (-14 + (-4 - -13)).
-1
Calculate (9 - 12) + (1 + -3 - -6).
1
Evaluate -8 - (3 - 10) - 0.
-1
What is the value of 8 - (4 + 3) - (3 - 2)?
0
What is the value of -3 + -2 + (4 - 2)?
-3
Calculate 2 + -5 + 5 + 2 + -13.
-9
Calculate -2 - -3 - (-7 - -9).
-1
What is (-2 - 1) + (-1 - (-9 - -1))?
4
Evaluate (-1 - 3) + (10 - (-28 + 43)).
-9
-5 + 1 - (-8 + 9)
-5
Evaluate (-3 - 2) + (1 - 5) + 3.
-6
Evaluate -5 - (-1 + -9 + 4 + 5).
-4
Evaluate 45 - 44 - (-1 - 1).
3
Evaluate 3 - (-3 - (-8 - (-3 + 2))).
-1
-1 - 7 - -7 - (7 - 5)
-3
Evaluate 0 + -1 + 11 + -4 + -6.
0
What is 96 + -96 - (0 - 2)?
2
What is the value of (6 - -1) + -5 + (15 - 8)?
9
(-1 - -1) + -6 - (-3 - 3)
0
Evaluate 6 - ((-8 - -5) + 4) - 6.
-1
Evaluate 5 - (13 - (1 - -3)).
-4
What is (-1 - -2) + 3 - (-133 - -131)?
6
What is -1 - -8 - (-1 - (-6 + 2))?
4
Evaluate 1 + 1 + (8 - 20) + 7.
-3
6 + -18 + 8 + 5
1
Evaluate 2 - (2 - (-2 - (1 - 2))).
-1
What is the value of -9 - ((-2 - 4) + 1)?
-4
Evaluate 7 + -5 + -1 + 2.
3
Evaluate 2 + -7 - (18 - 25).
2
Evaluate (-3 - (-3 - 4)) + -7.
-3
Calculate -10 - -4 - -3 - 2.
-5
-2 - 4 - (-34 + 28)
0
What is (3 - 3) + -3 - -4?
1
What is 91 + -91 + 0 + 0?
0
Calculate 3 + 9 - (-18 - -37).
-7
Evaluate 3 + (4 - (1 + 6)).
0
What is the value of -57 + 47 + 4 + -1?
-7
Calculate 6 + (4 - (0 + 5)) - 3.
2
Calculate (-9 - -1) + (-14 - -13).
-9
What is the value of (1 - 10) + (-3 - (9 + -13))?
-8
What is the value of (3 - 0) + 1 + -5 - -1?
0
Calculate -6 - (0 - 3) - 2.
-5
What is (79 - 82 - (0 - -4)) + 6?
-1
What is 178 + -191 + (0 - -23)?
10
Evaluate (1 - -3) + -2 - (-2 + 2).
2
What is the value of (4 - -2) + (-2 - 0)?
4
Calculate -3 + (3 - -4) - 1.
3
Calculate -3 - (6 - 9) - (-3 - -6).
-3
7 + -9 + -2 + 6 + -2
0
Calculate -5 + 5 + 3 + (0 - 2).
1
Evaluate -3 - 0 - (0 + -7).
4
What is 3 - (1 + -2 - (-1 + -4))?
-1
1 + 4 - (6 + -3 + -2)
4
Evaluate 2 + 4 + -2 + -2.
2
Evaluate (-4 - (0 + 3 + -9)) + -2.
0
4 - (-6 - (-8 + 2))
4
What is 3 + 1 - (-4 + 13)?
-5
Evaluate -5 - (-8 - (-6 + 6) - 2).
5
Calculate 3 - (0 - (-6 + 1)).
-2
Calculate 33 - 28 - (5 - -2).
-2
Evaluate -4 + -1 + 2 - (1 + -5).
1
Evaluate 4 - (4 - (-12 + 8)).
-4
What is (-7 - -6) + 3 + -1 - 5?
-4
Calculate (-11 - -15) + (-1 - 4).
-1
What is the value of (8 - (18 + -2)) + 7?
-1
(3 - 7) + 0 - (-1 - 3)
0
0 + -5 - (7 - 7) - 0
-5
9 + -6 + 14 + -13
4
What is -5 + (9 - 1) - 6 - 2?
-5
(-12 - (8 - 17)) + (-2 - -8)
3
What is the value of 3 + -2 - (-2 - -9 - 2)?
-4
Evaluate -4 - ((5 - 2 - 5) + 3).
-5
What is the value of -12 + (-10 - -2 - -24)?
4
What is the value of -7 - (7 + -16) - 3?
-1
Evaluate -15 - -1 - (-43 - -33).
-4
Calculate 13 + 1 - (2 + -10 - -12).
10
What is the value of (3 - 4) + -37 + 32?
-6
Evaluate 3 + (6 - 8) - (1 + -1).
1
Evaluate -4 + (-3 - -13) + -2.
4
Calculate 3 + -6 - (-6 - 1).
4
(3 - 2) + 4 - (3 - -2)
0
Calculate (7 - 7) + -2 + (-1 - 0).
-3
(-7 - 5) + 14 + -11
-9
What is the value of -69 + 74 - (10 + -2)?
-3
What is 35 - 38 - (-4 + 0)?
1
What is the value of -2 + 5 + (5 - 4) + -4?
0
-20 - 0 - (11 - 21)
-10
Calculate (3 - 12 - -10) + 6.
7
What is -3 + (8 - 3) + -5?
-3
Calculate 1 + -5 - (-11 - -6) - 4.
-3
What is (2 - 1 - 2) + 14 + -17?
-4
-9 + 3 - -8 - -7
9
Calculate 6 - (4 - 4) - 13.
-7
Evaluate -2 + (9 - (-5 + 8)) - -3.
7
Calculate 7 + (-5 - (-7 - -5)).
4
What is the value of 0 - (4 + (-3 + 3 - 2))?
-2
What is -2 - (5 - 0 - (58 + -59))?
-8
Calculate (20 - 18) + (-1 + -2 - -2).
1
-1 + -10 + -2 + 7
-6
11 - (2 + 10 + 5)
-6
9 - 14 - -13 - 2
6
What is the value of 7 - (-1 - -2 - -8)?
-2
Evaluate -6 - (-15 + 7 + 2).
0
-10 + 8 - (0 - -1)
-3
2 + -7 + 10 - -3
8
Calculate -2 - (-7 + -2 + 3) - 1.
3
1 + 5 + 0 + 3 + -4
5
Calculate 1 + -3 + (4 - 5) - -4.
1
What is the value of 0 + 8 - 6 - -6?
8
What is 6 - ((12 - -11) + -11)?
-6
What is the value of 5 - -1 - (12 + -5)?
-1
What is (4 - 3) + 0 + (6 - 2)?
5
-12 + 0 + 0 + (120 - 117)
-9
Calculate 8 + 16 + -10 + -10.
4
What is (3 - 3 - -9) + -4?
5
Calculate (-2 - 2) + 3 + -1.
-2
What is the value of 2 - (8 + -8 - 3)?
5
What is the value of 0 + 3 + -4 + -1?
-2
Calculate 0 - (-2 + (-5 - (-1 + -5))).
1
What is the value of 7 + (-6 - 7) + 7?
1
Evaluate 1 + (-11 - (10 - 23)).
3
What is (-3 - -3) + 1 + -3?
-2
What is 2 + -1 + -1 - (41 + -46)?
5
What is the value of 5 + -10 - (-6 - 1)?
2
Calculate -3 - (2 + (0 - 4) - 0).
-1
Calculate 3 + -12 + 0 + 6.
-3
What is (5 - 1) + (6 - 5)?
5
1 + (-2 - -1) - 4
-4
Calculate -19 - -12 - (1 - 2).
-6
What is 8 + -6 + 6 + -5?
3
What is the value of -13 - ((7 - 18) + 4)?
-6
What is -6 + (0 - -3 - (-2 - -4))?
-5
Evaluate -8 + (-3 - -3) + 3.
-5
5 + -1 + -2 + 2
4
2 + -4 + -1 + 1 + -2
-4
What is the value of 5 + (-1 - ((-2 - -3) + 2))?
1
What is the value of 0 - -8 - (0 - (7 - 12))?
3
Evaluate -13 - (10 + -12 + -8).
-3
-3 + -6 + 7 - 6
-8
Evaluate 6 - (-2 - (-1 + -6)).
1
What is (15 - 12) + (0 - 1) + -2?
0
3 + -2 + (1 - 3 - -5)
4
What is the value of 2 + 9 - (44 + -33)?
0
Calculate 33 + -19 + -7 + 1.
8
What is the value of -11 + (-1 + 2 - 1)?
-11
Evaluate 1 + -2 - 1 - (79 - 76).
-5
Calculate 3 - (8 - 6 - (3 - 1)).
3
What is the value of -13 - (3 + -11 + -12)?
7
What is (7 - 8) + (-1 - 2 - -7)?
3
What is 0 - (-1 + 0 + 2)?
-1
Calculate 1 + -2 + (-4 - -8) + -8.
-5
Eval